{"version":"1.0","provider_name":"Fundaci\u00f3n \u00c9pica La Fura dels Baus","provider_url":"https:\/\/fundacionepica.org\/ca\/","author_name":"Fundaci\u00f3 \u00c9pica","author_url":"https:\/\/fundacionepica.org\/ca\/author\/fura\/","title":"\"Di\u00e1logos de Cocina\" - Fundaci\u00f3n \u00c9pica La Fura dels Baus","type":"rich","width":600,"height":338,"html":"<blockquote class=\"wp-embedded-content\"><a href=\"https:\/\/fundacionepica.org\/ca\/project\/dialogos-de-cocina-2\/\">&#8220;Di\u00e1logos de Cocina&#8221;<\/a><\/blockquote>\n<script type='text\/javascript'>\n<!--\/\/--><![CDATA[\/\/><!--\n\t\t\/*! This file is auto-generated *\/\n\t\t!function(d,l){\"use strict\";var e=!1,o=!1;if(l.querySelector)if(d.addEventListener)e=!0;if(d.wp=d.wp||{},!d.wp.receiveEmbedMessage)if(d.wp.receiveEmbedMessage=function(e){var t=e.data;if(t)if(t.secret||t.message||t.value)if(!\/[^a-zA-Z0-9]\/.test(t.secret)){var r,a,i,s,n,o=l.querySelectorAll('iframe[data-secret=\"'+t.secret+'\"]'),c=l.querySelectorAll('blockquote[data-secret=\"'+t.secret+'\"]');for(r=0;r<c.length;r++)c[r].style.display=\"none\";for(r=0;r<o.length;r++)if(a=o[r],e.source===a.contentWindow){if(a.removeAttribute(\"style\"),\"height\"===t.message){if(1e3<(i=parseInt(t.value,10)))i=1e3;else if(~~i<200)i=200;a.height=i}if(\"link\"===t.message)if(s=l.createElement(\"a\"),n=l.createElement(\"a\"),s.href=a.getAttribute(\"src\"),n.href=t.value,n.host===s.host)if(l.activeElement===a)d.top.location.href=t.value}}},e)d.addEventListener(\"message\",d.wp.receiveEmbedMessage,!1),l.addEventListener(\"DOMContentLoaded\",t,!1),d.addEventListener(\"load\",t,!1);function t(){if(!o){o=!0;var e,t,r,a,i=-1!==navigator.appVersion.indexOf(\"MSIE 10\"),s=!!navigator.userAgent.match(\/Trident.*rv:11\\.\/),n=l.querySelectorAll(\"iframe.wp-embedded-content\");for(t=0;t<n.length;t++){if(!(r=n[t]).getAttribute(\"data-secret\"))a=Math.random().toString(36).substr(2,10),r.src+=\"#?secret=\"+a,r.setAttribute(\"data-secret\",a);if(i||s)(e=r.cloneNode(!0)).removeAttribute(\"security\"),r.parentNode.replaceChild(e,r)}}}}(window,document);\n\/\/--><!]]>\n<\/script><iframe sandbox=\"allow-scripts\" security=\"restricted\" src=\"https:\/\/fundacionepica.org\/ca\/project\/dialogos-de-cocina-2\/embed\/\" width=\"600\" height=\"338\" title=\"&#8220;&#8220;Di\u00e1logos de Cocina&#8221;&#8221; &#8212; Fundaci\u00f3n \u00c9pica La Fura dels Baus\" frameborder=\"0\" marginwidth=\"0\" marginheight=\"0\" scrolling=\"no\" class=\"wp-embedded-content\"><\/iframe>","thumbnail_url":"https:\/\/epicaweb.s3.eu-west-3.amazonaws.com\/uploads\/2019\/03\/Dialogos-de-cocina.jpg","thumbnail_width":1500,"thumbnail_height":1000,"description":"Pep Gatell, President de la Fundaci\u00f3 \u00c8pica i director art\u00edstic de La Fura dels Baus, va ser convidat com a ponent a Di\u00e0legs de Cuina 2019, congr\u00e9s bianual i internacional en qu\u00e8 es donen cita reconeguts experts en gastronomia."}

Fundación Épica La Fura dels Baus

Fundació Épica

"Diálogos de Cocina" - Fundación Épica La Fura dels Baus

<blockquote class="wp-embedded-content"><a href="https://fundacionepica.org/ca/project/dialogos-de-cocina-2/">&#8220;Diálogos de Cocina&#8221;</a></blockquote>
<script type='text/javascript'>
<!--//--><![CDATA[//><!--
		/*! This file is auto-generated */
		!function(d,l){"use strict";var e=!1,o=!1;if(l.querySelector)if(d.addEventListener)e=!0;if(d.wp=d.wp||{},!d.wp.receiveEmbedMessage)if(d.wp.receiveEmbedMessage=function(e){var t=e.data;if(t)if(t.secret||t.message||t.value)if(!/[^a-zA-Z0-9]/.test(t.secret)){var r,a,i,s,n,o=l.querySelectorAll('iframe[data-secret="'+t.secret+'"]'),c=l.querySelectorAll('blockquote[data-secret="'+t.secret+'"]');for(r=0;r<c.length;r++)c[r].style.display="none";for(r=0;r<o.length;r++)if(a=o[r],e.source===a.contentWindow){if(a.removeAttribute("style"),"height"===t.message){if(1e3<(i=parseInt(t.value,10)))i=1e3;else if(~~i<200)i=200;a.height=i}if("link"===t.message)if(s=l.createElement("a"),n=l.createElement("a"),s.href=a.getAttribute("src"),n.href=t.value,n.host===s.host)if(l.activeElement===a)d.top.location.href=t.value}}},e)d.addEventListener("message",d.wp.receiveEmbedMessage,!1),l.addEventListener("DOMContentLoaded",t,!1),d.addEventListener("load",t,!1);function t(){if(!o){o=!0;var e,t,r,a,i=-1!==navigator.appVersion.indexOf("MSIE 10"),s=!!navigator.userAgent.match(/Trident.*rv:11\./),n=l.querySelectorAll("iframe.wp-embedded-content");for(t=0;t<n.length;t++){if(!(r=n[t]).getAttribute("data-secret"))a=Math.random().toString(36).substr(2,10),r.src+="#?secret="+a,r.setAttribute("data-secret",a);if(i||s)(e=r.cloneNode(!0)).removeAttribute("security"),r.parentNode.replaceChild(e,r)}}}}(window,document);
//--><!]]>
</script><iframe sandbox="allow-scripts" security="restricted" src="https://fundacionepica.org/ca/project/dialogos-de-cocina-2/embed/" width="600" height="338" title="&#8220;&#8220;Diálogos de Cocina&#8221;&#8221; &#8212; Fundación Épica La Fura dels Baus" frameborder="0" marginwidth="0" marginheight="0" scrolling="no" class="wp-embedded-content"></iframe>

Pep Gatell, President de la Fundació Èpica i director artístic de La Fura dels Baus, va ser convidat com a ponent a Diàlegs de Cuina 2019, congrés bianual i internacional en què es donen cita reconeguts experts en gastronomia.
